nder when 2020 is divided by v?
70
Suppose 34*z - 2955 - 1363 = 0. Calculate the remainder when z is divided by 37.
16
Suppose 0 = -2*b - 5*s + 70, -b = -0*b - s - 49. Suppose -2*f - 4*g = -b - 25, -3*g = -f + 10. What is the remainder when 77 is divided by f?
2
Suppose -8*w = -14*w + 54. Suppose 78 = -w*q + 330. Calculate the remainder when 503 is divided by q.
27
Suppose 5*h = -k + 12, 3*k - h = 3*h - 2. Suppose -5*x - 95 = k*v, -177 - 46 = 4*v - x. Let j = 90 + v. Calculate the remainder when j is divided by 20.
15
Let v(o) = -9*o - 27. Let j = 79 - 45. What is the remainder when j is divided by v(-5)?
16
Let a be (32/112)/((-2)/(-56)). What is the remainder when 110 is divided by a/(-20) + (-167)/(-5)?
11
Let w = -1 + 5. Suppose -4*h - w*b + 956 = 0, b - 715 = -0*h - 3*h. Calculate the remainder when h is divided by 15.
13
What is the remainder when (-54)/36*(-398)/3 - -6 is divided by 74?
57
Let o be 2/(-10) + (-151)/(-5). Let u = o - 5. Calculate the remainder when (-1311)/(-18) - (-5)/30 is divided by u.
23
Suppose 0 = 5*i - 10*r + 15*r - 10, 0 = -i + 2*r + 5. Suppose -i*l = 2*l - 35. What is the remainder when 32 is divided by l?
4
Let j(q) be the second derivative of -2*q**3/3 + 75*q**2/2 + 8*q. Calculate the remainder when 153 is divided by j(9).
36
Let d = 7 - 5. Let l be 4/d + (-34 - (0 + -2)). Calculate the remainder when (12/l)/(1/(-85)) is divided by 18.
16
Let v = 52 - 3. Let a(g) = -g**3 + 2*g**2 + 6*g + 4. Let k be (-10)/(40/3)*-4. What is the remainder when v is divided by a(k)?
10
Let r(u) = u**2 - u - 7. What is the remainder when r(-5) is divided by (8 + -28)*(-4)/32*2?
3
Suppose -217*x = -618*x + 7305 - 2493. Suppose -3*k = -1431 + 360. What is the remainder when 1/(-2) + k/6 is divided by x?
11
What is the remainder when (-20)/6 + (-54915)/(-315) is divided by 23?
10
Let g(s) = -3*s**3 + 11*s**2 - 3*s - 11. Let z be g(8). Let l = -608 - z. Calculate the remainder when l is divided by 33.
28
Let x(n) = n**2 + 4. Let j(d) = -d**3 + 11*d**2 - 20*d + 12. Let k = -30 + 39. Let p be j(k). What is the remainder when x(p) is divided by 21?
19
Suppose -71*r = -65*r - 18. Suppose -2*o = r*h - 21, -6*h + 2*h + o = -17. What is the remainder when 11 is divided by h?
1
Suppose 2*j + 5*w - 74 = -20, 114 = 3*j + 2*w. Calculate the remainder when 162 is divided by j.
36
Let k be -3 - (8/(-32) - (-927)/12). Let d = 264 + k. Calculate the remainder when d is divided by 37.
36
Let q(t) = -16*t - 7. Let a = 27 - 37. Let p be -5*(((-6)/a)/(-1) + 1). What is the remainder when 43 is divided by q(p)?
18
Suppose -10432 - 6099 = -271*d. Let r = 46 - 22. What is the remainder when d is divided by r?
13
Suppose 3*w + g = 3*g + 42, 2*w - 38 = 3*g. Suppose 3*i = 4*p + 129, i - p + 43 = 2*i. What is the remainder when i is divided by w?
3
Let u(v) = -v**3 - 4*v**2 + 15*v + 10. Let f be u(-7). Let t = f + -27. What is the remainder when t is divided by 13?
12
Let y = -5049 - -5096. Calculate the remainder when 160 is divided by y.
19
Suppose 5*i - 21 = -l, 5*i - 10 + 15 = 0. Suppose -o = 2*g - 13 + 6, -3 = -g - o. What is the remainder when l is divided by g?
2
Let i(p) = 32*p + 3190. Calculate the remainder when 1635 is divided by i(-87).
11
Suppose -3*m = t - 381, -t - 1304*m + 1309*m + 333 = 0. What is the remainder when t is divided by 18?
3
Let o = 5027 - 4821. Calculate the remainder when 824 is divided by o.
0
Suppose -3*m = -3*q - 387, 2*q + 117 = m - 3*q. Calculate the remainder when m is divided by 113.
19
Let p(w) = w**2 + 22*w - 432. What is the remainder when 264 is divided by p(13)?
11
Suppose 63*a - 28917 = -126*a. What is the remainder when a is divided by 127?
26
Suppose 0*i + i = 2*c - 14, -c - 5*i - 15 = 0. Suppose 517 = 3*h - c*d, 7*h + d = 8*h - 175. What is the remainder when h is divided by 30?
29
Let q(s) be the first derivative of s**3/3 - 11*s**2/2 - 34*s + 9. Calculate the remainder when q(16) is divided by (-14 + 16)*(4 - -2).
10
Suppose -2*v = j - 2093, -4*j + 2*j + 4168 = -2*v. What is the remainder when j is divided by 10?
7
Suppose -96*d + 101*d - 325 = 0. Suppose -d*q + 59*q + 42 = 0. Calculate the remainder when 1*(-3)/(-9)*21 is divided by q.
0
Let c be 21/4*216/(-81). Calculate the remainder when 158 is divided by ((-6)/c - 1) + 1872/42.
26
Let l(v) = 3*v**3 + 164*v**2 - 64*v + 306. What is the remainder when l(-55) is divided by 205?
186
Let q be 770/15 + 2/(-6). Suppose -2*t + 5 = -q. What is the remainder when 31 is divided by -3 + 316/t - (-2)/(-7)?
7
Suppose -4*f - 20 + 12 = 0. Calculate the remainder when f/(-6) - ((-510)/9)/1 is divided by 12.
9
Suppose 3370 = 8*w - 3*n, 5*w = 2*w + 3*n + 1275. What is the remainder when w is divided by 12?
11
Let r be 6*(4/(-4))/(-1). Calculate the remainder when 0 + (-97)/(-1) - (-2 + r) is divided by 25.
18
Suppose -6*f + 99 = 9. What is the remainder when f is divided by ((-16)/4)/(-4)*15?
0
Suppose -3*x + 2*w = -6*x + 171, -4*w = -5*x + 263. What is the remainder when x is divided by 29?
26
Let a be 4 - (-4 + -5 + 5). Let k = a - -11. Calculate the remainder when 132 is divided by k.
18
Let l(y) = 9*y - 350. Let z be l(0). Let p = z + 381. Calculate the remainder when 151 is divided by p.
27
Let a(t) = -t**2 + 37*t - 129. What is the remainder when a(29) is divided by (884/51)/((-4)/(-6))?
25
Suppose -2*b - 37 - 38 = c, -5*b + c = 191. Let j = -9 - b. Calculate the remainder when 461 is divided by j.
26
Suppose w - 2008 = -3*y, 4*y + 118*w - 2709 = 123*w. Calculate the remainder when y is divided by 163.
19
Let f = -52 + 64. What is the remainder when 10 is divided by 1/(f/(-16) + 1)?
2
Let w(f) = -f**3 + 49*f + 4. Let r(v) = 4*v + 141. Calculate the remainder when r(-10) is divided by w(7).
1
What is the remainder when (-1 - -1) + 8 + 281648/1214 is divided by 13?
6
Let m be 11/(77/(-702))*-7. What is the remainder when -4*(-6 + m/(-24)) is divided by 13?
11
Let b(f) = 38*f + 75. Calculate the remainder when b(23) is divided by 18.
13
Let x be ((-1157)/1)/(2 - (-4 - -7)). Let g = x + -611. Suppose -g + 78 = -9*d. Calculate the remainder when 155 is divided by d.
51
Let j = 47 + -44. Suppose -j*d = 11*d - 742. What is the remainder when d is divided by 19?
15
Suppose -22017 = -4*a + 5*n, 6798 = a + n + 1305. Calculate the remainder when a is divided by 117.
116
Suppose -o + 2*o - 25 = 0. Let y = 461 + -420. What is the remainder when y is divided by o?
16
Let c(k) = 5*k**3 + 10*k**2 - 5*k - 133. What is the remainder when c(5) is divided by 30?
27
Suppose -110 = -10*w + 70. Let r(a) = 17*a - 34. What is the remainder when r(5) is divided by w?
15
Let w = -14859 + 24218. Calculate the remainder when w is divided by 37.
35
Let c(s) = -7*s + 130. Let g = 428 - 390. What is the remainder when g is divided by c(18)?
2
Suppose 18*h - 2951 - 2205 = -2024. Calculate the remainder when h is divided by 63.
48
Suppose -3*w + 30 = 4*o, -4*o + 10 = 2*w - 22. Let y = -1215 - -1265. What is the remainder when y is divided by o?
5
Let y = -17510 - -18887. What is the remainder when y is divided by 10?
7
What is the remainder when (-3084)/(-20) - (-2 + 0)/(200/80) is divided by 36?
11
Let h(z) be the third derivative of z**4/12 + 19*z**3/6 + 3*z**2. Let g(w) = -1. Let y(s) = -4*g(s) - h(s). What is the remainder when 54 is divided by y(-15)?
9
Let f(w) = w**3 - 31*w**2 - 82*w + 176. Calculate the remainder when f(35) is divided by 21.
1
Suppose o + 43 - 2525 = 3*r, 12374 = 5*o - 3*r. Calculate the remainder when o is divided by 1233.
7
Let f(y) = -y**3 + 7*y**2 + 10*y - 9. Suppose 5*s = -5*x + 30, 11*s - 40 = 7*s + 4*x. Let l = 35 - 31. Calculate the remainder when f(s) is divided by l.
3
Let j(s) = s**3 - 22*s**2 - 50*s + 66. Suppose -4*r + 68 - 8 = 0. Suppose 4*h = h + r. Calculate the remainder when j(24) is divided by h.
3
Let z(v) be the second derivative of 3/2*v**3 + 1/12*v**4 + 0 - 15*v - 1/2*v**2. Calculate the remainder when z(-10) is divided by 4.
1
Let f = 1198 + -1156. Calculate the remainder when 1382 is divided by f.
38
Let l(f) be the first derivative of -47*f**2/2 - 67*f + 133. What is the remainder when l(-8) is divided by 31?
30
Let a(i) = -8*i - 4. Let w(n) = n + 15. Suppose -4*x = -2*t + 10, -4*x = 4*t + 31 + 9. Calculate the remainder when a(-5) is divided by 